{"id":10,"date":"2021-09-23T09:02:48","date_gmt":"2021-09-23T09:02:48","guid":{"rendered":"https:\/\/cafpi.axelerance.fr\/?page_id=10"},"modified":"2025-12-05T08:27:34","modified_gmt":"2025-12-05T08:27:34","slug":"accueil","status":"publish","type":"page","link":"https:\/\/partenaires.axelerance.fr\/","title":{"rendered":"Accueil"},"content":{"rendered":"\n<div class=\"intro-block\">\n  <div class=\"intro-content\">\n    <div class=\"logo-container\" id=\"axelerance-logo\">\n      <a href=\"https:\/\/www.axelerance.fr\" target=\"_blank\" rel=\"noopener noreferrer\">\n        <img decoding=\"async\" src=\"https:\/\/partenaires.axelerance.fr\/wp-content\/uploads\/2025\/06\/logo-1.png\" alt=\"Axelerance Logo\" class=\"logo\">\n      <\/a>\n    <\/div>\n  <\/div>\n<\/div>\n\n\n\n<style>\n.products-container {\n  margin-top: 30px;\n  margin-bottom: 40px;\n  display: flex;\n  justify-content: space-evenly;\n  flex-wrap: wrap;\n  gap: 20px;\n}\n\n.product {\n  background-color: #007b8f;\n  color: white;\n  border-radius: 12px;\n  padding: 30px 20px;\n  width: calc(45% - 20px);\n  box-shadow: 0 4px 12px rgba(0, 0, 0, 0.1);\n  text-align: center;\n  display: flex;\n  flex-direction: column;\n  gap: 20px;\n  position: relative;\n  transition: transform 0.3s ease, box-shadow 0.3s ease;\n}\n\n.product:hover {\n  transform: translateY(-4px);\n  box-shadow: 0 8px 20px rgba(0, 0, 0, 0.2);\n}\n\n.product-title {\n  font-size: 22px;\n  font-weight: 700;\n  margin-bottom: 5px;\n}\n\n.product-hours {\n  font-size: 16px;\n  font-weight: 400;\n  color: #d7f5f8;\n}\n\n.button-group {\n  display: flex;\n  flex-direction: row;\n  justify-content: center;\n  gap: 10px;\n  flex-wrap: wrap;\n}\n\n.product-button {\n  flex: 1 1 auto;\n  padding: 12px 18px;\n  font-size: 16px;\n  font-weight: bold;\n  border-radius: 8px;\n  color: #fff;\n  text-decoration: none;\n  transition: background-color 0.3s ease;\n  min-width: 140px;\n  text-align: center;\n  position: relative;\n}\n\n.no-finance {\n  background-color: #00a3ad;\n}\n\n.no-finance:hover {\n  background-color: #008b96;\n}\n\n.opco {\n  background-color: #cf6662;\n}\n\n.opco:hover {\n  background-color: #b95451;\n}\n\n.opco-badge::after {\n  content: \"Le + populaire\";\n  position: absolute;\n  top: -12px;\n  right: -12px;\n  background-color: #ffc107;\n  color: #000;\n  font-size: 12px;\n  font-weight: bold;\n  padding: 4px 6px;\n  border-radius: 6px;\n}\n\n\/* Responsive *\/\n@media (max-width: 768px) {\n  .product {\n    width: 100%;\n  }\n\n  .button-group {\n    flex-direction: column;\n  }\n\n  .product-button {\n    width: 100%;\n  }\n}\n<\/style>\n\n<div style=\"text-align: center;\">\n  <h1>Formations r\u00e9glementaires annuelles 2025<\/h1>\n  <p><strong>Il n&rsquo;est pas trop tard pour r\u00e9aliser vos formations<\/p>\n<\/div>\n\n<div class=\"products-container\">\n\n  <!-- Produit -->\n  <div class=\"product\">\n    <div class=\"product-title\">DCI DDA et autres activit\u00e9s de cr\u00e9dit<\/div>\n    <div class=\"product-hours\">24 heures de formation<\/div>\n\n    <div class=\"button-group\">\n      <a href=\"https:\/\/www.axelerance.fr\/panier\/?apply_coupon=DCIDDAFC&#038;add_to_cart=7396\" target=\"_blank\" class=\"product-button no-finance\">\n        <span style=\"font-size: 2em;\">109\u20ac<\/span> (Sans prise en charge)\n      <\/a>\n    <\/div>\n  <\/div>\n\n\n<\/div>\n\n\n\n<p><\/p>\n","protected":false},"excerpt":{"rendered":"<p>Formations r\u00e9glementaires annuelles 2025 Il n&rsquo;est pas trop tard pour r\u00e9aliser vos formations DCI DDA et autres activit\u00e9s de cr\u00e9dit 24 heures de formation 109\u20ac (Sans prise en charge)<\/p>\n","protected":false},"author":1,"featured_media":0,"parent":0,"menu_order":0,"comment_status":"closed","ping_status":"closed","template":"","meta":{"footnotes":""},"class_list":["post-10","page","type-page","status-publish","hentry"],"_links":{"self":[{"href":"https:\/\/partenaires.axelerance.fr\/index.php?rest_route=\/wp\/v2\/pages\/10","targetHints":{"allow":["GET"]}}],"collection":[{"href":"https:\/\/partenaires.axelerance.fr\/index.php?rest_route=\/wp\/v2\/pages"}],"about":[{"href":"https:\/\/partenaires.axelerance.fr\/index.php?rest_route=\/wp\/v2\/types\/page"}],"author":[{"embeddable":true,"href":"https:\/\/partenaires.axelerance.fr\/index.php?rest_route=\/wp\/v2\/users\/1"}],"replies":[{"embeddable":true,"href":"https:\/\/partenaires.axelerance.fr\/index.php?rest_route=%2Fwp%2Fv2%2Fcomments&post=10"}],"version-history":[{"count":86,"href":"https:\/\/partenaires.axelerance.fr\/index.php?rest_route=\/wp\/v2\/pages\/10\/revisions"}],"predecessor-version":[{"id":258,"href":"https:\/\/partenaires.axelerance.fr\/index.php?rest_route=\/wp\/v2\/pages\/10\/revisions\/258"}],"wp:attachment":[{"href":"https:\/\/partenaires.axelerance.fr\/index.php?rest_route=%2Fwp%2Fv2%2Fmedia&parent=10"}],"curies":[{"name":"wp","href":"https:\/\/api.w.org\/{rel}","templated":true}]}}